Calculate the greatest common divisor of 843700 and 30975.
1475
What is the greatest common divisor of 1907350 and 48100?
1850
What is the highest common factor of 112 and 83688920?
56
What is the highest common factor of 123813 and 100215?
9
Calculate the greatest common divisor of 6594077 and 19481.
161
Calculate the greatest common divisor of 189824214 and 302.
302
What is the greatest common divisor of 7818362 and 59070?
358
What is the highest common divisor of 929575 and 100?
25
What is the highest common divisor of 12438 and 80694?
18
What is the highest common factor of 931455 and 532?
7
What is the highest common factor of 3069 and 10389?
3
Calculate the greatest common factor of 279 and 5095253.
31
What is the highest common factor of 3872440 and 4136?
88
What is the highest common divisor of 126232 and 85064?
248
Calculate the highest common divisor of 311346 and 19341.
63
What is the highest common factor of 722419 and 202724?
859
Calculate the highest common factor of 901 and 3606669.
17
Calculate the highest common factor of 111360 and 4611.
87
Calculate the greatest common divisor of 1925 and 1961267.
77
Calculate the greatest common divisor of 110 and 23910230.
10
Calculate the highest common factor of 439379 and 8062.
4031
What is the greatest common divisor of 11900870 and 470?
470
Calculate the greatest common divisor of 2604832 and 4704.
32
What is the highest common divisor of 4095 and 55197051?
273
What is the highest common divisor of 47042436 and 42?
42
Calculate the highest common factor of 1360 and 218860.
20
What is the greatest common factor of 2382 and 64500590?
794
Calculate the highest common factor of 890458296 and 5161.
5161
Calculate the highest common divisor of 96 and 35796.
12
What is the greatest common factor of 140 and 2349080?
20
What is the greatest common divisor of 1756 and 1971549?
439
Calculate the greatest common divisor of 206567500 and 50.
50
Calculate the highest common divisor of 72 and 81020052.
36
Calculate the highest common factor of 2222808 and 5858.
202
Calculate the greatest common divisor of 114084894 and 84.
42
What is the greatest common divisor of 2930760 and 47683?
1163
What is the greatest common divisor of 4418982255 and 41?
41
What is the highest common divisor of 322346 and 954?
106
What is the highest common factor of 200421 and 5859?
27
What is the greatest common divisor of 1490060 and 27027?
143
What is the greatest common factor of 7945 and 2605?
5
Calculate the greatest common factor of 1625150 and 900.
50
What is the highest common divisor of 15231828 and 7872?
492
What is the highest common factor of 243866812 and 3624?
604
Calculate the highest common factor of 671 and 21782856.
61
Calculate the highest common factor of 17726776 and 48.
8
Calculate the greatest common divisor of 2954 and 4122307.
1477
Calculate the greatest common factor of 13366320 and 6405.
915
Calculate the highest common factor of 10351918 and 1198.
1198
Calculate the highest common divisor of 2543808 and 64.
64
What is the greatest common divisor of 5311401 and 15?
3
What is the greatest common divisor of 355915 and 560?
35
What is the greatest common divisor of 2632310 and 237876?
922
What is the greatest common divisor of 13427689 and 22?
11
What is the highest common factor of 35609463 and 6561?
729
What is the highest common divisor of 29 and 58849149?
29
What is the greatest common divisor of 23300 and 233075?
25
Calculate the highest common divisor of 146261 and 13333.
67
Calculate the greatest common factor of 234176 and 19632.
16
What is the greatest common divisor of 9073 and 2594667?
211
Calculate the greatest common factor of 3869034 and 78.
78
What is the greatest common divisor of 452778 and 474?
6
What is the greatest common divisor of 251930 and 1182485?
305
What is the highest common divisor of 498 and 101529252?
498
What is the greatest common factor of 219 and 8473840?
73
What is the highest common divisor of 163404060 and 60?
60
Calculate the highest common factor of 2233215 and 8523.
9
What is the highest common factor of 22218 and 70098?
42
Calculate the greatest common factor of 2100 and 7697550.
1050
Calculate the highest common divisor of 1338852 and 16524.
204
What is the highest common divisor of 140624 and 105139?
47
Calculate the highest common divisor of 59407532 and 4340.
124
What is the highest common divisor of 170 and 27680386?
34
What is the greatest common divisor of 808328 and 8216?
632
What is the greatest common divisor of 166819488 and 46002?
2706
Calculate the greatest common divisor of 5423040 and 6912.
576
What is the highest common divisor of 60515433 and 3?
3
Calculate the highest common divisor of 182326054 and 4624.
578
Calculate the highest common divisor of 33 and 1990698578.
11
What is the highest common divisor of 180090 and 96790?
10
Calculate the highest common factor of 106571 and 7296361.
1501
What is the greatest common factor of 1835 and 3535?
5
Calculate the highest common factor of 8 and 2107748.
4
What is the highest common divisor of 75481 and 8533561?
263
What is the greatest common factor of 910 and 343480?
10
What is the highest common factor of 32 and 560281808?
16
Calculate the greatest common divisor of 22282668 and 228.
228
Calculate the greatest common factor of 1628 and 2625608.
4
Calculate the greatest common divisor of 7067218701 and 57.
57
Calculate the greatest common divisor of 274947 and 9.
3
What is the highest common divisor of 442 and 21567832?
442
What is the highest common factor of 118809262 and 26168?
6542
Calculate the highest common divisor of 4960088 and 25392.
184
What is the greatest common divisor of 385 and 32489325?
55
Calculate the greatest common factor of 3509598 and 592.
74
Calculate the greatest common factor of 19340216 and 1218.
406
Calculate the highest common divisor of 294 and 643653654.
42
Calculate the highest common divisor of 13614 and 134905664.
4538
Calculate the highest common divisor of 8452352 and 964.
964
What is the highest common divisor of 8604 and 650250?
18
What is the highest common factor of 67143615 and 24156?
2013
What is the highest common divisor of 3056 and 29757036?
764
Calculate the greatest common factor of 2350 and 895936325.
1175
Calculate the highest common factor of 226940 and 112980.
140
What is the highest common factor of 5684177 and 24122?
1723
Calculate the greatest common divisor of 10673508 and 36.
12
Calculate the highest common factor of 13485 and 308235.
15
Calculate the highest common divisor of 3635760 and 480.
240
What is the greatest common factor of 6642 and 66735?
9
Calculate the greatest common divisor of 28 and 69084428.
28
Calculate the highest common factor of 920592 and 6048.
432
Calculate the greatest common divisor of 552331327 and 202.
101
Calculate the greatest common divisor of 2760 and 83835690.
690
Calculate the highest common divisor of 10672 and 1796521.
29
What is the highest common divisor of 88 and 1305238?
22
Calculate the highest common divisor of 2153340 and 59220.
1260
Calculate the highest common divisor of 96 and 470466552.
24
Calculate the highest common divisor of 898512 and 528.
48
What is the greatest common factor of 272180 and 38812?
124
Calculate the highest common divisor of 27940790 and 160.
10
Calculate the greatest common factor of 150719499 and 63.
63
What is the highest common factor of 145329315 and 15?
15
What is the highest common factor of 17121 and 23476403?
439
What is the greatest common factor of 1295536 and 2510288?
2992
What is the highest common divisor of 746756766 and 1134?
378
Calculate the greatest common divisor of 369 and 2270580.
123
Calculate the greatest common factor of 118430103 and 33.
33
What is the greatest common divisor of 14560218 and 1494?
18
What is the highest common factor of 24 and 68993448?
24
What is the highest common divisor of 4611 and 10946037?
159
Calculate the greatest common factor of 5572 and 10967089.
1393
What is the greatest common divisor of 369102 and 93297?
681
What is the greatest common divisor of 132608 and 20086272?
512
What is the greatest common divisor of 1332 and 66933000?
1332
Calculate the greatest common factor of 120 and 2461065.
15
Calculate the greatest